q(d) = 4 - 3*d - 1 + 2. Let i be 6 + -9 + (-1)/1. List the prime factors of q(i).
17
Let f be ((-12)/(-14))/((-5)/(-840)). Suppose -f = -12*y + 9*y. What are the prime factors of y?
2, 3
Suppose 1 + 14 = 5*a. What are the prime factors of ((2 - -80)/(-2))/(a/(-9))?
3, 41
Let u be 6/(-10) - 76/(-10). Let n(d) = d - 7. Let s be n(u). Suppose -j + 3*y = -30, j - 36 = -3*y - s. List the prime factors of j.
3, 11
Let z be 0/(-4 + 5 + 1). Suppose z = -11*v + 7*v + 236. List the prime factors of v.
59
Let b(i) = i**2 - 14*i - 26. Let o be b(16). Suppose -10*p + o*p = -76. What are the prime factors of p?
19
Suppose 24 = -5*r + 9. Let s(p) = -43*p - 24. List the prime factors of s(r).
3, 5, 7
Let v be (-2)/8 - ((-24615)/(-36) - 8). Let s = -408 - v. List the prime factors of s.
2, 67
Suppose 79*g - 234260 = -6977. List the prime factors of g.
3, 7, 137
Let z(b) = -2*b**3 + b**2 + b - 2. Let u(d) = 20*d**2 - 1. Let h be u(-1). Suppose -h*f - 3 = -18*f. What are the prime factors of z(f)?
2, 29
Suppose -5*a - 580 = -2*l - 0*a, 0 = -5*l - 3*a + 1388. Suppose 6*f - 2*f = -l. What are the prime factors of f/(-4) + 1/(-2)?
17
Suppose 8*l = 4*l - 76. Let y = l + 40. List the prime factors of y.
3, 7
Let r(b) = 505*b**2 - 4*b. What are the prime factors of r(-1)?
509
Suppose 15 = u - 56. Suppose 3*g - 6*g - 2*z + 217 = 0, -g + u = 2*z. List the prime factors of g.
73
Let s(i) = 4*i**2 - 26*i - 10. Let k be s(7). Suppose -q + 35 = 3*j - 50, -2*q - 5*j + 167 = 0. Suppose q = k*c + 12. List the prime factors of c.
2
Let d(n) = n + 4 - 2 + 1 + 3. What are the prime factors of d(-3)?
3
Let d be -2*(1 - 690/4). Suppose -5*l + 1051 = 3*f, 3*l - 288 - d = -2*f. List the prime factors of l.
11, 19
Suppose 5*t - 6*p - 6180 = -11*p, 3*p + 6164 = 5*t. List the prime factors of t.
2, 617
Let r(f) = f**3 - 13*f**2 - 70*f + 55. What are the prime factors of r(17)?
3, 7
Let u(l) = -14*l - 1. Let p be u(-1). Let n = p + -9. Suppose -2 + 26 = n*z. List the prime factors of z.
2, 3
Let w(s) = 2*s**2 + 48*s + 35. Let a(g) = g**2 + 22*g + 17. Let d(t) = 9*a(t) - 4*w(t). Let r be ((-7)/(-2))/(2/(-4)). List the prime factors of d(r).
2, 5
Suppose 5*h - 226 = 299. Suppose -x = -4*b + 2*b - 96, b - 2 = 0. Suppose 5*j - h = x. What are the prime factors of j?
41
Let k(q) = -q**2 + q + 2. Let o be k(3). Let p be (-6)/o + 9/(-6). Suppose 0 = -3*a - 3*z + 72, p*z + 2*z = -4*a + 90. What are the prime factors of a?
3, 7
Suppose -3*f = -6*x + 4*x - 1132, 3*f + 4*x - 1156 = 0. What are the prime factors of f?
2, 5, 19
Suppose -2*b = -d + 11, -2*d - 4*b + 20 = -2. Let s(t) = -t + 6*t - 1 - d*t**2 + 10*t**2 + 3. What are the prime factors of s(3)?
2
Let i(v) = 3*v + 16 + 19 + 8*v. What are the prime factors of i(8)?
3, 41
Let c(j) = -2*j + 59. Let x be c(29). List the prime factors of 690/24 + x/4 + -2.
3
Suppose 0 = -d - 34*c + 31*c - 17, 4*d - 2*c - 2 = 0. Let l be (-4)/(-6) + (-101)/3. Let x = d - l. List the prime factors of x.
31
Suppose 3*f = -88*m + 91*m + 1764, -2*f + 4*m = -1180. List the prime factors of f.
2, 293
Let d(h) = -3*h + 41. Let s be d(7). What are the prime factors of 0 + 217 + 4*5/s?
2, 109
Let s(i) = -i**2 - 5*i - 4. Let y be s(-3). Let c(a) be the first derivative of 2*a**2 + 2*a + 1. What are the prime factors of c(y)?
2, 5
Let j(y) = -y**2 - 6*y + 10. Let l be j(-8). What are the prime factors of (4 + l)/(-2)*(44 - -2)?
2, 23
Let k be (-3)/(-6)*-2 + 1. Suppose -6*u + k*u - 6 = 0. Let h(c) = c**2 + 1. List the prime factors of h(u).
2
Let c(f) = -450*f - 203. What are the prime factors of c(-3)?
31, 37
List the prime factors of 1549 + 16 - 1*7.
2, 19, 41
Let v be (-4)/(-14) - 450/(-42). Suppose 15*j = v*j. List the prime factors of -2*((-81)/6 + j).
3
Let a be (-38)/(-14) - (18/(-14) + 1). Suppose -a*u + 557 = 2*c, -2*u + 177 = -5*c - 188. What are the prime factors of u?
5, 37
Let n be 117/36 + (-2)/8. Let g be -1 + n - (9 + -8). List the prime factors of (-8)/16*(-18)/g.
3
Suppose -24*n + 26*n = 214. List the prime factors of n.
107
Suppose 40*a + 5614 = 54*a. List the prime factors of a.
401
What are the prime factors of 4039 + (-9)/3 - (-3 - -2)?
11, 367
Let k = -14 - -18. Let d = 25 + k. Suppose 5*g = -4*b + d, 2 = 4*b - 2. What are the prime factors of g?
5
Suppose 5*d + 81 - 1521 = -2*z, 2*d - 4346 = -6*z. What are the prime factors of z?
5, 29
Let o = 9 - 5. Suppose 0 = -o*v - 11 + 19. List the prime factors of v/4*42 + -2.
19
Let a(w) = 12*w**3 - 9*w**2 + 17*w - 13. List the prime factors of a(5).
3, 449
Suppose 3*l = -11*n + 10*n + 131, 5*n + 4*l - 633 = 0. What are the prime factors of n?
5
Suppose 2*l - l = 95. Let g = -68 + l. What are the prime factors of g?
3
Let s(y) = -y - 11. Let x be s(-10). What are the prime factors of 53 + 2 + -1 + x?
53
Let g(j) = j**3 + 11*j**2 + 10*j + 11. Let c be g(-8). Suppose -5*n - 4*d + 169 = 0, -3*n + 6*n = 3*d + c. What are the prime factors of n?
37
Let g(p) = p**3 - 2*p**2 + 2*p - 3. Let a(d) = -2*d**3 - 6*d**2 - 2*d - 3. Let z be a(-3). Let k be g(z). List the prime factors of -30*(0 - k/9).
2, 5
List the prime factors of -377*(-6 - 5/(-1)).
13, 29
Let q(y) = 2*y**2 - 14*y - 13. Let f be q(11). Suppose -21 = -4*o + f. List the prime factors of o.
2, 3
Suppose -12*z - 1720 + 11380 = 0. What are the prime factors of z?
5, 7, 23
Let f = 551 + 152. List the prime factors of f.
19, 37
Suppose -1236 = -r - 5*q - 60, 0 = 5*r + 4*q - 5859. What are the prime factors of r?
1171
Suppose -c + 3*b + 565 = 0, -5*c + 0*b + 2757 = 2*b. What are the prime factors of c?
7, 79
Suppose -3*m + 1388 = -u - 0*u, -3*u - 930 = -2*m. List the prime factors of m.
2, 3, 7, 11
Let f(s) = s**2 - 2*s + 1. Let d be f(2). Suppose 94 = 5*i + 5*a - d, -2*a = -i + 19. Let g = i + -1. What are the prime factors of g?
2, 3
Suppose -560 = -p + 6*p. What are the prime factors of (-1)/(-7) - 1776/p?
2
Suppose 2*g + 3*w = 33, 48 = -3*g + 5*g - 2*w. Suppose y - 113 = -2*z, 5*z = 8*y - 13*y + 270. Suppose g - z = -v. List the prime factors of v.
2, 19
Let s(v) = v + 100. List the prime factors of s(-5).
5, 19
Suppose 1261 = -10*k + 8821. List the prime factors of k.
2, 3, 7
Let s = -24 - -27. Let b(f) = 51*f - 8. What are the prime factors of b(s)?
5, 29
Let m(b) = -85*b + 455. What are the prime factors of m(-13)?
2, 3, 5, 13
Let t(g) = g**3 + 8*g**2 + 8*g + 9. Let h be t(-7). Let o be 3/(-1) + 0 + h. What are the prime factors of -4 - -7 - 5*o?
2
What are the prime factors of -4*(1 + 1)*1412/(-16)?
2, 353
Let l(d) = -d**3 - 6*d**2 - d + 7. Let t be l(-6). Let s = t - 10. Let a = 4 + s. What are the prime factors of a?
7
Let z(g) be the first derivative of -g**2 + 7*g - 4. Let u be z(9). Let w = u + 29. List the prime factors of w.
2, 3
Suppose 1397 = d - 1165. List the prime factors of (-2)/3*d/(-7).
2, 61
Suppose -1216 = -11*c + 49. List the prime factors of c.
5, 23
Let s(r) be the third derivative of r**4/12 - 5*r**3/3 + 2*r**2. What are the prime factors of s(10)?
2, 5
Let i(l) = l**2 + 2*l. Let u be i(-6). Let k = 72 - u. Suppose 3*j - k = j. List the prime factors of j.
2, 3
Let r(o) = o**3 + 6*o**2 - 5*o + 10. Let w be r(-7). Let s be (4/(-5))/(w/(-160)). Let f = s - -60. List the prime factors of f.
2, 7
Let v be 33 + 0 + (-12)/4. What are the prime factors of 129 + (v/(-5))/(-3)?
131
Suppose -4*w + 9*w = 2330. What are the prime factors of w?
2, 233
Let f = -108 + 115. Suppose f*w + 450 = 9*w. What are the prime factors of w?
3, 5
Suppose 0 = 5*i - 35 + 10. Suppose 124 = 2*j - 3*l - 0*l, 3*j = i*l + 188. What are the prime factors of j?
2, 7
Let x = -44 - -55. Suppose -x = 3*q - 4*q. What are the prime factors of q?
11
Let d = 990 - 534. List the prime factors of d.
2, 3, 19
Suppose 2*x - 44 + 38 = 0. Suppose -3*o = -4*q + 148, 0*o = -x*q - 2*o + 94. List the prime factors of q.
2, 17
Suppose 4*s = 1400 + 844. List the prime factors of s.
3, 11, 17
Suppose -u = r + 20, -5*r = -0*u + 3*u + 70. Let c be u*((-40)/12 + 3). Let t = c + 53. What are the prime factors of t?
2, 29
Let f be 5/(-2)*(-752)/40. Suppose 0 = k - f - 47. List the prime factors of k.
2, 47
List the prime factors of (-2)/20 - 260832/(-320).
5, 163
Let n be 3 + (-6)/2 - (-2 - 0). List the prime factors of n - -43 - (-2)/5*-5.
43
Let w(q) = 4*q**2. Suppose 8 = -6*p + 8*p. Supp